{"id":14,"date":"2006-08-24T22:40:37","date_gmt":"2006-08-24T20:40:37","guid":{"rendered":"http:\/\/www.drk-pfeddersheim.de\/wordpress\/?page_id=14"},"modified":"2017-02-22T21:05:44","modified_gmt":"2017-02-22T19:05:44","slug":"jugendrotkreuz","status":"publish","type":"page","link":"https:\/\/www.drk-suedlicher-wonnegau.de\/wordpress\/aktive\/jugendrotkreuz\/","title":{"rendered":"Jugendrotkreuz"},"content":{"rendered":"<p>Das Jugendrotkreuz Pfeddersheim bietet dir Spa\u00df und Spiel, Abenteuer, Ausfl\u00fcge, und Lager. Au\u00dferdem lernst du immer bereit zu sein anderen zu helfen.<\/p>\n<p>Wir suchen dich mit deinen besonderen Talenten, Ideen und F\u00e4higkeiten. Bereichere unsere Gruppe und dich, lern neue Leute und Freunde kennen.<\/p>\n<p>&nbsp;<\/p>\n<p><strong>WIR SUCHEN GRUPPENLEITER ZUM AUFBAU NEUER GRUPPEN!<\/strong><\/p>\n<p>&nbsp;<\/p>\n<p>Du willst eine Gruppe leiten? Wir suchen auch junge, engagierte Leute die gerne Gruppenleiter werden m\u00f6chten.<\/p>\n<p>&nbsp;<\/p>\n<p>&nbsp;<\/p>\n<p><strong>Kontakt:<\/strong><\/p>\n<p>Christian Brand &#8211; Jugendleiter<\/p>\n<p>06247-9044588 od. 0176-21070409<\/p>\n<p><a href=\"http:\/\/www.drk-suedlicher-wonnegau.de\/wp-content\/uploads\/2006\/08\/Unbenannt.png\"><img loading=\"lazy\" decoding=\"async\" class=\"alignnone size-full wp-image-966\" src=\"http:\/\/www.drk-suedlicher-wonnegau.de\/wp-content\/uploads\/2006\/08\/Unbenannt.png\" alt=\"\" width=\"164\" height=\"27\" \/><\/a><\/p>\n<p>&nbsp;<\/p>\n<p><strong>Adresse:<\/strong><\/p>\n<p>DRK Ortsverein S\u00fcdlicher Wonnegau e.V.<\/p>\n<p>Gabelsbergerstr. 37<\/p>\n<p>67551 Worms-Pfeddersheim<\/p>\n<p>&nbsp;<\/p>\n<p>&nbsp;<\/p>\n<p>&nbsp;<\/p>\n<p><strong>Aktuelle Kampagnen<\/strong><\/p>\n<p>&nbsp;<\/p>\n<p>Klimahelfer. \u00c4nder&#8216; was, bervor&#8217;s das Klima tut. (seit 2013)<a href=\"http:\/\/www.drk-suedlicher-wonnegau.de\/wp-content\/uploads\/2006\/08\/klimahelfer.jpg\"><img loading=\"lazy\" decoding=\"async\" class=\"alignnone size-full wp-image-712\" src=\"http:\/\/www.drk-suedlicher-wonnegau.de\/wp-content\/uploads\/2006\/08\/klimahelfer.jpg\" alt=\"klimahelfer\" width=\"300\" height=\"245\" \/><\/a><\/p>\n<p>&nbsp;<\/p>\n<p>Deine St\u00e4rken. Deine Zukunft. Ohne Druck! (2007 bis 2012)<\/p>\n<p><a href=\"https:\/\/www.drk-suedlicher-wonnegau.de\/wordpress\/wp-content\/uploads\/2006\/08\/dab5f7cf51.jpg\"><img loading=\"lazy\" decoding=\"async\" class=\"alignnone size-medium wp-image-176\" title=\"dab5f7cf51\" src=\"https:\/\/www.drk-suedlicher-wonnegau.de\/wordpress\/wp-content\/uploads\/2006\/08\/dab5f7cf51-300x205.jpg\" alt=\"\" width=\"300\" height=\"205\" srcset=\"https:\/\/www.drk-suedlicher-wonnegau.de\/wp-content\/uploads\/2006\/08\/dab5f7cf51-300x205.jpg 300w, https:\/\/www.drk-suedlicher-wonnegau.de\/wp-content\/uploads\/2006\/08\/dab5f7cf51.jpg 360w\" sizes=\"(max-width: 300px) 100vw, 300px\" \/><\/a><\/p>\n<p>Armut: Schau nicht weg! (2004 &#8211; 2007)<\/p>\n<p><img decoding=\"async\" title=\"Armut: Schau nicht weg!\" src=\"http:\/\/www.drk-suedlicher-wonnegau.de\/images\/logos\/armutlogo.gif\" alt=\"Armut: Schau nicht weg!\" \/><\/p>\n<p>Bleib cool ohne Gewalt! (2001 &#8211; 2003)<\/p>\n<p><img decoding=\"async\" title=\"Bleib cool ohne Gewalt\" src=\"http:\/\/www.drk-suedlicher-wonnegau.de\/images\/logos\/ohnegewaltlogo.gif\" alt=\"Bleib cool ohne Gewalt\" \/><\/p>\n","protected":false},"excerpt":{"rendered":"<p>Das Jugendrotkreuz Pfeddersheim bietet dir Spa\u00df und Spiel, Abenteuer, Ausfl\u00fcge, und Lager. Au\u00dferdem lernst du immer bereit zu sein anderen zu helfen. Wir suchen dich mit deinen besonderen Talenten, Ideen und F\u00e4higkeiten. Bereichere unsere Gruppe und dich, lern neue Leute<\/p>\n","protected":false},"author":5,"featured_media":0,"parent":8,"menu_order":3,"comment_status":"closed","ping_status":"open","template":"","meta":{"footnotes":""},"class_list":["post-14","page","type-page","status-publish","hentry"],"_links":{"self":[{"href":"https:\/\/www.drk-suedlicher-wonnegau.de\/wordpress\/wp-json\/wp\/v2\/pages\/14"}],"collection":[{"href":"https:\/\/www.drk-suedlicher-wonnegau.de\/wordpress\/wp-json\/wp\/v2\/pages"}],"about":[{"href":"https:\/\/www.drk-suedlicher-wonnegau.de\/wordpress\/wp-json\/wp\/v2\/types\/page"}],"author":[{"embeddable":true,"href":"https:\/\/www.drk-suedlicher-wonnegau.de\/wordpress\/wp-json\/wp\/v2\/users\/5"}],"replies":[{"embeddable":true,"href":"https:\/\/www.drk-suedlicher-wonnegau.de\/wordpress\/wp-json\/wp\/v2\/comments?post=14"}],"version-history":[{"count":25,"href":"https:\/\/www.drk-suedlicher-wonnegau.de\/wordpress\/wp-json\/wp\/v2\/pages\/14\/revisions"}],"predecessor-version":[{"id":968,"href":"https:\/\/www.drk-suedlicher-wonnegau.de\/wordpress\/wp-json\/wp\/v2\/pages\/14\/revisions\/968"}],"up":[{"embeddable":true,"href":"https:\/\/www.drk-suedlicher-wonnegau.de\/wordpress\/wp-json\/wp\/v2\/pages\/8"}],"wp:attachment":[{"href":"https:\/\/www.drk-suedlicher-wonnegau.de\/wordpress\/wp-json\/wp\/v2\/media?parent=14"}],"curies":[{"name":"wp","href":"https:\/\/api.w.org\/{rel}","templated":true}]}}